{"id":1047,"date":"2016-03-03T23:22:33","date_gmt":"2016-03-03T23:22:33","guid":{"rendered":"http:\/\/ecolelibredecourriere.be\/?page_id=1047"},"modified":"2025-08-13T12:10:22","modified_gmt":"2025-08-13T12:10:22","slug":"centre-pms","status":"publish","type":"page","link":"https:\/\/ecolelibredecourriere.be\/index.php\/centre-pms\/","title":{"rendered":"CENTRE PMS"},"content":{"rendered":"<h2>Coordonn\u00e9es:<\/h2>\n<blockquote><p>Centre PMS libre de Jambes 2<br \/>\nRue Tillieux 5<br \/>\n5100 JAMBES<\/p>\n<table class=\"justatable\">\n<tbody>\n<tr>\n<td>T\u00e9l\u00e9phone:<\/td>\n<td>081-30 75 07<\/td>\n<\/tr>\n<tr>\n<td>Fax:<\/td>\n<td>081-31 25 12<\/td>\n<\/tr>\n<\/tbody>\n<\/table>\n<\/blockquote>\n","protected":false},"excerpt":{"rendered":"<p>Coordonn\u00e9es: Centre PMS libre de Jambes 2 Rue Tillieux 5 5100 JAMBES T\u00e9l\u00e9phone: 081-30 75 07 Fax: 081-31 25 12<\/p>\n","protected":false},"author":1,"featured_media":0,"parent":0,"menu_order":0,"comment_status":"closed","ping_status":"closed","template":"","meta":{"footnotes":""},"class_list":["post-1047","page","type-page","status-publish","hentry"],"_links":{"self":[{"href":"https:\/\/ecolelibredecourriere.be\/index.php\/wp-json\/wp\/v2\/pages\/1047","targetHints":{"allow":["GET"]}}],"collection":[{"href":"https:\/\/ecolelibredecourriere.be\/index.php\/wp-json\/wp\/v2\/pages"}],"about":[{"href":"https:\/\/ecolelibredecourriere.be\/index.php\/wp-json\/wp\/v2\/types\/page"}],"author":[{"embeddable":true,"href":"https:\/\/ecolelibredecourriere.be\/index.php\/wp-json\/wp\/v2\/users\/1"}],"replies":[{"embeddable":true,"href":"https:\/\/ecolelibredecourriere.be\/index.php\/wp-json\/wp\/v2\/comments?post=1047"}],"version-history":[{"count":1,"href":"https:\/\/ecolelibredecourriere.be\/index.php\/wp-json\/wp\/v2\/pages\/1047\/revisions"}],"predecessor-version":[{"id":1050,"href":"https:\/\/ecolelibredecourriere.be\/index.php\/wp-json\/wp\/v2\/pages\/1047\/revisions\/1050"}],"wp:attachment":[{"href":"https:\/\/ecolelibredecourriere.be\/index.php\/wp-json\/wp\/v2\/media?parent=1047"}],"curies":[{"name":"wp","href":"https:\/\/api.w.org\/{rel}","templated":true}]}}