{"id":6013,"date":"2025-04-08T14:40:15","date_gmt":"2025-04-08T14:40:15","guid":{"rendered":"https:\/\/ecolelibredecourriere.be\/?page_id=6013"},"modified":"2025-08-13T12:19:04","modified_gmt":"2025-08-13T12:19:04","slug":"infos-pratiques","status":"publish","type":"page","link":"https:\/\/ecolelibredecourriere.be\/index.php\/infos-pratiques\/","title":{"rendered":"Infos pratiques"},"content":{"rendered":"\n<h2 class=\"wp-block-heading\">Listes des fournitures 2025\/2026<\/h2>\n\n\n\n\n\n<p><a href=\"http:\/\/ecolelibredecourriere.be\/wp-content\/uploads\/2025\/08\/Liste-des-fournitures-M1-M2-M3.pdf\">Liste des fournitures M1-M2-M3<\/a><\/p>\n<p><a href=\"http:\/\/ecolelibredecourriere.be\/wp-content\/uploads\/2025\/08\/Liste-du-materiel-P1-P2.pdf\">Liste du mat\u00e9riel P1-P2<\/a><\/p>\n<p><a href=\"http:\/\/ecolelibredecourriere.be\/wp-content\/uploads\/2025\/08\/Fournitures-P3-1.pdf\">Fournitures P3-1<\/a><\/p>\n<p><a href=\"http:\/\/ecolelibredecourriere.be\/wp-content\/uploads\/2025\/08\/Fournitures-P4.pdf\">Fournitures P4<\/a><\/p>\n<p><a href=\"http:\/\/ecolelibredecourriere.be\/wp-content\/uploads\/2025\/08\/Liste-du-materiel-P5.pdf\">Liste-du-mat\u00e9riel-P5<\/a><\/p>\n<p><a href=\"http:\/\/ecolelibredecourriere.be\/wp-content\/uploads\/2025\/08\/Liste-du-materiel-P6.pdf\">Liste-du-mat\u00e9riel-P6<\/a><\/p>\n\n\n\n\n","protected":false},"excerpt":{"rendered":"<p>Listes des fournitures 2025\/2026 Liste des fournitures M1-M2-M3 Liste du mat\u00e9riel P1-P2 Fournitures P3-1 Fournitures P4 Liste-du-mat\u00e9riel-P5 Liste-du-mat\u00e9riel-P6<\/p>\n","protected":false},"author":3,"featured_media":0,"parent":0,"menu_order":0,"comment_status":"closed","ping_status":"closed","template":"","meta":{"footnotes":""},"class_list":["post-6013","page","type-page","status-publish","hentry"],"_links":{"self":[{"href":"https:\/\/ecolelibredecourriere.be\/index.php\/wp-json\/wp\/v2\/pages\/6013","targetHints":{"allow":["GET"]}}],"collection":[{"href":"https:\/\/ecolelibredecourriere.be\/index.php\/wp-json\/wp\/v2\/pages"}],"about":[{"href":"https:\/\/ecolelibredecourriere.be\/index.php\/wp-json\/wp\/v2\/types\/page"}],"author":[{"embeddable":true,"href":"https:\/\/ecolelibredecourriere.be\/index.php\/wp-json\/wp\/v2\/users\/3"}],"replies":[{"embeddable":true,"href":"https:\/\/ecolelibredecourriere.be\/index.php\/wp-json\/wp\/v2\/comments?post=6013"}],"version-history":[{"count":3,"href":"https:\/\/ecolelibredecourriere.be\/index.php\/wp-json\/wp\/v2\/pages\/6013\/revisions"}],"predecessor-version":[{"id":6127,"href":"https:\/\/ecolelibredecourriere.be\/index.php\/wp-json\/wp\/v2\/pages\/6013\/revisions\/6127"}],"wp:attachment":[{"href":"https:\/\/ecolelibredecourriere.be\/index.php\/wp-json\/wp\/v2\/media?parent=6013"}],"curies":[{"name":"wp","href":"https:\/\/api.w.org\/{rel}","templated":true}]}}