{"id":615,"date":"2016-02-01T17:14:18","date_gmt":"2016-02-01T17:14:18","guid":{"rendered":"http:\/\/ecolelibredecourriere.be\/?page_id=615"},"modified":"2025-08-14T12:54:56","modified_gmt":"2025-08-14T12:54:56","slug":"association-des-parents-2","status":"publish","type":"page","link":"https:\/\/ecolelibredecourriere.be\/index.php\/nos-partenaires-2\/association-des-parents-2\/","title":{"rendered":"ASSOCIATION DES PARENTS"},"content":{"rendered":"<h2><img loading=\"lazy\" decoding=\"async\" class=\" wp-image-2519 alignright\" src=\"http:\/\/ecolelibredecourriere.be\/wp-content\/uploads\/2016\/02\/nouveau_logo_transp_web-300x116.png\" alt=\"\" width=\"246\" height=\"95\" srcset=\"https:\/\/ecolelibredecourriere.be\/wp-content\/uploads\/2016\/02\/nouveau_logo_transp_web-300x116.png 300w, https:\/\/ecolelibredecourriere.be\/wp-content\/uploads\/2016\/02\/nouveau_logo_transp_web.png 389w\" sizes=\"auto, (max-width: 246px) 100vw, 246px\" \/><\/h2>\n<h2><\/h2>\n<h2>Une association des parents dynamique\u00a0et \u00e0 votre \u00e9coute !<\/h2>\n<h3><span style=\"color: #0000ff;\">\u00a0<\/span><\/h3>\n<ul>\n<li><span style=\"text-decoration: underline;\">Pr\u00e9sident : <\/span>Thomas Ropson &#8211; Papa d&rsquo;El\u00e9na (M2)<\/li>\n<li><span style=\"text-decoration: underline;\">Tr\u00e9sori\u00e8re :<\/span> \u00c9l\u00e9onore TR\u00c9PANT &#8211; Maman de Simon\u00a0 et de Chlo\u00e9 (P4)<\/li>\n<\/ul>\n<p>Pour conna\u00eetre les dates des prochaines r\u00e9unions, \u00e9changer des id\u00e9es ou nous faire part de votre souhait d&rsquo;int\u00e9grer l&rsquo;AP, formez le\u00a0 0494 61 04 75 ou le<strong>\u00a0<\/strong> ou envoyez-nous un mail.<\/p>\n<p><span style=\"font-size: 14pt;\">Pour nous contacter : <a href=\"mailto:ap.courriere@gmail.com\">ap.courriere@gmail.com<\/a><\/span><\/p>\n<p><span style=\"font-size: 14pt;\">Notre page Facebook :\u00a0<a href=\"https:\/\/www.facebook.com\/groups\/APELC\/\" target=\"_blank\" rel=\"noopener\">https:\/\/www.facebook.com\/groups\/APELC\/<\/a><\/span><\/p>\n","protected":false},"excerpt":{"rendered":"<p>Une association des parents dynamique\u00a0et \u00e0 votre \u00e9coute ! \u00a0 Pr\u00e9sident : Thomas Ropson &#8211; Papa d&rsquo;El\u00e9na (M2) Tr\u00e9sori\u00e8re : \u00c9l\u00e9onore TR\u00c9PANT &#8211; Maman de Simon\u00a0 et de Chlo\u00e9 (P4) Pour conna\u00eetre les dates des prochaines r\u00e9unions, \u00e9changer des id\u00e9es <a class=\"more-link\" href=\"https:\/\/ecolelibredecourriere.be\/index.php\/nos-partenaires-2\/association-des-parents-2\/\">Continuer la lecture <span class=\"screen-reader-text\">  ASSOCIATION DES PARENTS<\/span><span class=\"meta-nav\">&rarr;<\/span><\/a><\/p>\n","protected":false},"author":1,"featured_media":0,"parent":6012,"menu_order":0,"comment_status":"closed","ping_status":"closed","template":"","meta":{"footnotes":""},"class_list":["post-615","page","type-page","status-publish","hentry"],"_links":{"self":[{"href":"https:\/\/ecolelibredecourriere.be\/index.php\/wp-json\/wp\/v2\/pages\/615","targetHints":{"allow":["GET"]}}],"collection":[{"href":"https:\/\/ecolelibredecourriere.be\/index.php\/wp-json\/wp\/v2\/pages"}],"about":[{"href":"https:\/\/ecolelibredecourriere.be\/index.php\/wp-json\/wp\/v2\/types\/page"}],"author":[{"embeddable":true,"href":"https:\/\/ecolelibredecourriere.be\/index.php\/wp-json\/wp\/v2\/users\/1"}],"replies":[{"embeddable":true,"href":"https:\/\/ecolelibredecourriere.be\/index.php\/wp-json\/wp\/v2\/comments?post=615"}],"version-history":[{"count":13,"href":"https:\/\/ecolelibredecourriere.be\/index.php\/wp-json\/wp\/v2\/pages\/615\/revisions"}],"predecessor-version":[{"id":6186,"href":"https:\/\/ecolelibredecourriere.be\/index.php\/wp-json\/wp\/v2\/pages\/615\/revisions\/6186"}],"up":[{"embeddable":true,"href":"https:\/\/ecolelibredecourriere.be\/index.php\/wp-json\/wp\/v2\/pages\/6012"}],"wp:attachment":[{"href":"https:\/\/ecolelibredecourriere.be\/index.php\/wp-json\/wp\/v2\/media?parent=615"}],"curies":[{"name":"wp","href":"https:\/\/api.w.org\/{rel}","templated":true}]}}