{"id":619,"date":"2016-02-01T17:15:53","date_gmt":"2016-02-01T17:15:53","guid":{"rendered":"http:\/\/ecolelibredecourriere.be\/?page_id=619"},"modified":"2026-04-20T08:25:22","modified_gmt":"2026-04-20T08:25:22","slug":"equipe-educative","status":"publish","type":"page","link":"https:\/\/ecolelibredecourriere.be\/index.php\/equipe-educative\/","title":{"rendered":"NOTRE EQUIPE EDUCATIVE"},"content":{"rendered":"<ul>\n<li>\n<h3><span style=\"color: #ff0000;\">Direction : Anne Demarteau\u00a0<\/span><\/h3>\n<\/li>\n<li>\n<h3><span style=\"color: #ff0000;\">Maternelle<\/span><\/h3>\n<ul>\n<li>Madame Myriam Binam\u00e9<\/li>\n<li>Pu\u00e9ricultrice : Madame Marie Hypacie<\/li>\n<\/ul>\n<\/li>\n<li>\n<h3><span style=\"color: #ff0000;\">Primaire<\/span><\/h3>\n<ul>\n<li>1\u00e8re et 2e primaires:\u00a0 Madame V\u00e9ronique Mabille et Mme Annick Modera<\/li>\n<li>3e et 4e primaires:\u00a0 Madame Pr\u00e9sence Beelen<\/li>\n<li>5e et 6e primaires:\u00a0 Madame Flore Tasiaux<\/li>\n<\/ul>\n<\/li>\n<li>\n<h3><span style=\"color: #ff0000;\">Maitres sp\u00e9ciaux<\/span><\/h3>\n<ul>\n<li>Professeur de n\u00e9erlandais: Madame Isabelle Ravignat<\/li>\n<li>Professeur en \u00e9ducation physique et de psychomotricit\u00e9: Monsieur Arnaud<\/li>\n<li>Les heures d&rsquo;aide (AP) : Mme Annick Modera<\/li>\n<\/ul>\n<\/li>\n<\/ul>\n\n<div class=\"wp-block-image\">\n<figure class=\"aligncenter size-full\"><img loading=\"lazy\" decoding=\"async\" width=\"1024\" height=\"597\" src=\"http:\/\/ecolelibredecourriere.be\/wp-content\/uploads\/2022\/10\/Prets-pour-la-rentree-3-1024x597-1.jpg\" alt=\"\" class=\"wp-image-5285\" srcset=\"https:\/\/ecolelibredecourriere.be\/wp-content\/uploads\/2022\/10\/Prets-pour-la-rentree-3-1024x597-1.jpg 1024w, https:\/\/ecolelibredecourriere.be\/wp-content\/uploads\/2022\/10\/Prets-pour-la-rentree-3-1024x597-1-300x175.jpg 300w, https:\/\/ecolelibredecourriere.be\/wp-content\/uploads\/2022\/10\/Prets-pour-la-rentree-3-1024x597-1-768x448.jpg 768w\" sizes=\"auto, (max-width: 1024px) 100vw, 1024px\" \/><\/figure>\n<\/div>","protected":false},"excerpt":{"rendered":"<p>Direction : Anne Demarteau\u00a0 Maternelle Madame Myriam Binam\u00e9 Pu\u00e9ricultrice : Madame Marie Hypacie Primaire 1\u00e8re et 2e primaires:\u00a0 Madame V\u00e9ronique Mabille et Mme Annick Modera 3e et 4e primaires:\u00a0 Madame Pr\u00e9sence Beelen 5e et 6e primaires:\u00a0 Madame Flore Tasiaux Maitres <a class=\"more-link\" href=\"https:\/\/ecolelibredecourriere.be\/index.php\/equipe-educative\/\">Continuer la lecture <span class=\"screen-reader-text\">  NOTRE EQUIPE EDUCATIVE<\/span><span class=\"meta-nav\">&rarr;<\/span><\/a><\/p>\n","protected":false},"author":1,"featured_media":0,"parent":0,"menu_order":0,"comment_status":"closed","ping_status":"closed","template":"","meta":{"footnotes":""},"class_list":["post-619","page","type-page","status-publish","hentry"],"_links":{"self":[{"href":"https:\/\/ecolelibredecourriere.be\/index.php\/wp-json\/wp\/v2\/pages\/619","targetHints":{"allow":["GET"]}}],"collection":[{"href":"https:\/\/ecolelibredecourriere.be\/index.php\/wp-json\/wp\/v2\/pages"}],"about":[{"href":"https:\/\/ecolelibredecourriere.be\/index.php\/wp-json\/wp\/v2\/types\/page"}],"author":[{"embeddable":true,"href":"https:\/\/ecolelibredecourriere.be\/index.php\/wp-json\/wp\/v2\/users\/1"}],"replies":[{"embeddable":true,"href":"https:\/\/ecolelibredecourriere.be\/index.php\/wp-json\/wp\/v2\/comments?post=619"}],"version-history":[{"count":20,"href":"https:\/\/ecolelibredecourriere.be\/index.php\/wp-json\/wp\/v2\/pages\/619\/revisions"}],"predecessor-version":[{"id":6289,"href":"https:\/\/ecolelibredecourriere.be\/index.php\/wp-json\/wp\/v2\/pages\/619\/revisions\/6289"}],"wp:attachment":[{"href":"https:\/\/ecolelibredecourriere.be\/index.php\/wp-json\/wp\/v2\/media?parent=619"}],"curies":[{"name":"wp","href":"https:\/\/api.w.org\/{rel}","templated":true}]}}