{"id":3400,"date":"2018-05-02T08:21:29","date_gmt":"2018-05-02T08:21:29","guid":{"rendered":"http:\/\/ecolelibredecourriere.be\/?post_type=tribe_events&#038;p=3400"},"modified":"2018-05-02T08:21:29","modified_gmt":"2018-05-02T08:21:29","slug":"photos-individuelles-en-famille-de-classe-le-lundi-14-mai-18","status":"publish","type":"tribe_events","link":"https:\/\/ecolelibredecourriere.be\/index.php\/event\/photos-individuelles-en-famille-de-classe-le-lundi-14-mai-18\/","title":{"rendered":"Photos individuelles &#8211; en famille &#8211; de classe: le lundi 14 mai 18"},"content":{"rendered":"<p>Le lundi 14 mai auront lieu les photos.<\/p>\n<p>A partir de 8h15, les familles (qui le souhaitent ) pourront \u00eatre photographi\u00e9es au r\u00e9fectoire.<\/p>\n<p>Nous commen\u00e7ons plus t\u00f4t cette ann\u00e9e pour permettre aux grands\/petits fr\u00e8res et s\u0153urs d&rsquo;\u00eatre pr\u00e9sents.<\/p>\n<p>A partir de 9h00, les photos individuelles auront lieu et les photos de classe seront prises dans la foul\u00e9e.<\/p>\n<p>Cette ann\u00e9e, nous faisons appel \u00e0 un nouveau photographe qui propose des pochettes et des support tr\u00e8s vari\u00e9s et actuels.<\/p>\n<p>&nbsp;<\/p>\n","protected":false},"excerpt":{"rendered":"<p>Le lundi 14 mai auront lieu les photos. A partir de 8h15, les familles (qui le souhaitent ) pourront \u00eatre photographi\u00e9es au r\u00e9fectoire. Nous commen\u00e7ons plus t\u00f4t cette ann\u00e9e pour permettre aux grands\/petits fr\u00e8res et s\u0153urs d&rsquo;\u00eatre pr\u00e9sents. A partir <a class=\"more-link\" href=\"https:\/\/ecolelibredecourriere.be\/index.php\/event\/photos-individuelles-en-famille-de-classe-le-lundi-14-mai-18\/\">Continuer la lecture <span class=\"screen-reader-text\">  Photos individuelles &#8211; en famille &#8211; de classe: le lundi 14 mai 18<\/span><span class=\"meta-nav\">&rarr;<\/span><\/a><\/p>\n","protected":false},"author":3,"featured_media":0,"comment_status":"open","ping_status":"closed","template":"","meta":{"footnotes":""},"tags":[],"tribe_events_cat":[],"class_list":["post-3400","tribe_events","type-tribe_events","status-publish","hentry"],"_links":{"self":[{"href":"https:\/\/ecolelibredecourriere.be\/index.php\/wp-json\/wp\/v2\/tribe_events\/3400","targetHints":{"allow":["GET"]}}],"collection":[{"href":"https:\/\/ecolelibredecourriere.be\/index.php\/wp-json\/wp\/v2\/tribe_events"}],"about":[{"href":"https:\/\/ecolelibredecourriere.be\/index.php\/wp-json\/wp\/v2\/types\/tribe_events"}],"author":[{"embeddable":true,"href":"https:\/\/ecolelibredecourriere.be\/index.php\/wp-json\/wp\/v2\/users\/3"}],"replies":[{"embeddable":true,"href":"https:\/\/ecolelibredecourriere.be\/index.php\/wp-json\/wp\/v2\/comments?post=3400"}],"version-history":[{"count":2,"href":"https:\/\/ecolelibredecourriere.be\/index.php\/wp-json\/wp\/v2\/tribe_events\/3400\/revisions"}],"predecessor-version":[{"id":3402,"href":"https:\/\/ecolelibredecourriere.be\/index.php\/wp-json\/wp\/v2\/tribe_events\/3400\/revisions\/3402"}],"wp:attachment":[{"href":"https:\/\/ecolelibredecourriere.be\/index.php\/wp-json\/wp\/v2\/media?parent=3400"}],"wp:term":[{"taxonomy":"post_tag","embeddable":true,"href":"https:\/\/ecolelibredecourriere.be\/index.php\/wp-json\/wp\/v2\/tags?post=3400"},{"taxonomy":"tribe_events_cat","embeddable":true,"href":"https:\/\/ecolelibredecourriere.be\/index.php\/wp-json\/wp\/v2\/tribe_events_cat?post=3400"}],"curies":[{"name":"wp","href":"https:\/\/api.w.org\/{rel}","templated":true}]}}

<p>Le lundi 14 mai auront lieu les photos.</p>
<p>A partir de 8h15, les familles (qui le souhaitent ) pourront être photographiées au réfectoire.</p>
<p>Nous commençons plus tôt cette année pour permettre aux grands/petits frères et sœurs d&rsquo;être présents.</p>
<p>A partir de 9h00, les photos individuelles auront lieu et les photos de classe seront prises dans la foulée.</p>
<p>Cette année, nous faisons appel à un nouveau photographe qui propose des pochettes et des support très variés et actuels.</p>
<p>&nbsp;</p>

<p>Le lundi 14 mai auront lieu les photos. A partir de 8h15, les familles (qui le souhaitent ) pourront être photographiées au réfectoire. Nous commençons plus tôt cette année pour permettre aux grands/petits frères et sœurs d&rsquo;être présents. A partir <a class="more-link" href="https://ecolelibredecourriere.be/index.php/event/photos-individuelles-en-famille-de-classe-le-lundi-14-mai-18/">Continuer la lecture <span class="screen-reader-text">  Photos individuelles &#8211; en famille &#8211; de classe: le lundi 14 mai 18</span><span class="meta-nav">&rarr;</span></a></p>
